*r. Calculate the remainder when z(b) is divided by i.
9
Let m = 2164 - 4716. Calculate the remainder when 67 is divided by (-12)/22 + m/(-242).
7
Let l = 107 - -11. What is the remainder when l is divided by ((-119)/35)/((-1)/5)?
16
Let f(q) = q**2 + 7*q + 17. Let t be (-1)/(1/(1/((-2)/(-30)))). Calculate the remainder when f(-12) is divided by (8 - -7) + t/(-3).
17
Suppose 3*u = -2*n + 790, -314*n + 316*n - 790 = u. What is the remainder when n is divided by 58?
47
Let o(s) = -s**3 + 87*s**2 - 4*s + 440. What is the remainder when 5792 is divided by o(87)?
88
Suppose 20*p - 357 = 3*p. Let u(v) = 31*v**2 + 37*v - 101. What is the remainder when u(3) is divided by p?
16
Let z = -995 - -1605. Calculate the remainder when z is divided by 34.
32
Suppose 244*b - 163*b = 54594. Calculate the remainder when b is divided by 31.
23
Let j(n) be the third derivative of 7*n**5/60 + n**4/6 + n**3 - 106*n**2. Calculate the remainder when j(-2) is divided by 2.
0
Let w(s) = s**3 + 2*s - 5. Let f be (-261)/(-81) - 8/36. Calculate the remainder when 47 is divided by w(f).
19
Suppose -96*l + 1642 = -46*l - 1758. Calculate the remainder when 280 is divided by l.
8
Let u(l) = 3*l**2 + 7*l + 3. Suppose -q - 15 = -2*p, q = 5*p - 28 - 5. Let m be 68/(-12) + (-2)/p. Calculate the remainder when u(m) is divided by 12.
9
Suppose -g + 3*b = -51, -g - 3991*b = -3990*b - 87. Calculate the remainder when 715 is divided by g.
13
Suppose -4*h + 482 = n + 74, -4*h + 3*n = -424. What is the remainder when h is divided by -14*((-171)/(-38) + -5)?
5
Suppose -4*s - u = -747, -375 = -2*s - 20*u + 19*u. What is the remainder when 474 is divided by s?
102
Suppose 112*b + 192 = 116*b. Suppose -3*j + 183 = -k, 0 = k - 6*k. Calculate the remainder when j is divided by (-134)/(-4) - b/32.
29
Let n = 1071 - 957. Calculate the remainder when 134 is divided by n.
20
Let z(x) = -x**2. Let k(t) = 5*t**2 + 2*t + 5. Let n = 55 - 54. Let g(w) = n*k(w) + 4*z(w). What is the remainder when g(-3) is divided by 2?
0
Let f(p) = -p**2 - 246*p - 8556. What is the remainder when 2/(1/((-31)/(-2))) is divided by f(-42)?
7
Calculate the remainder when 114 is divided by 408/(-9)*(-96)/64 + 3 + 2.
41
Let i be 10*16/30*3/4. Suppose m + 7 = i*v + 77, -312 = -5*m + v. What is the remainder when m is divided by (-2)/(-3) + 92/6?
14
Calculate the remainder when 328 is divided by (-104 + 107)*54/2.
4
What is the remainder when (-567)/54*112/(-12) is divided by (159 + 0)*(-1)/(-3)?
45
Let n = 437 + -258. What is the remainder when n is divided by 60?
59
Let p(b) = b + 5. Let t(l) = -3*l - 16. Let k(j) = 7*p(j) + 2*t(j). Let a be k(15). Suppose -3*z + a = -30. What is the remainder when 45 is divided by z?
13
Suppose 0 = 37672*v - 37667*v - 415. Calculate the remainder when 197 is divided by v.
31
Suppose 23*h - 28*h - 40 = 0. Let o(b) = -b - 8. Let k be o(h). Suppose k = -7*f + 2*f + 200. What is the remainder when f is divided by 21?
19
Suppose 35*v - 56 = 21*v. What is the remainder when 310 is divided by v?
2
Let u = 47 - 71. Let y be (7/(21/u))/(6/(-9)). Let n(o) = o**3 - 11*o**2 - 9*o + 3. What is the remainder when n(y) is divided by 12?
3
Suppose -70*f = -12462 + 212. Calculate the remainder when 8747 is divided by f.
172
Let i be (-26 + -7)/11 - (-5)/1. Calculate the remainder when 134 is divided by 102/(6/i) + 0/(-2).
32
Let w be (1/3)/((-13)/5655). Let p = -94 - w. What is the remainder when 99 is divided by p?
48
Let n = -16281 + 17343. Calculate the remainder when n is divided by 22.
6
What is the remainder when (-14)/(-105) + ((-123013)/(-15) - (-1 - -4)) is divided by 59?
56
Let m = 3071 - 152. Calculate the remainder when m is divided by 40.
39
Let o(p) = -20*p + 209. Let s be o(8). Let x(a) = a**3 - 50*a**2 + 48*a + 144. Suppose -7*h + 3*h = -56. What is the remainder when x(s) is divided by h?
11
Let d be ((-7)/(-4))/((-19)/(-228)). What is the remainder when (-8)/28 + 12690/d is divided by 32?
28
Let l be (-3)/(-6) - 2/(-4). What is the remainder when 26 is divided by -11*(2 - (3 + l - 1))?
4
What is the remainder when 93 is divided by 1060/(-795)*(-30)/8?
3
Suppose 34*t + 35568 = -86*t + 168*t. What is the remainder when t is divided by 76?
57
Suppose 2*k = z + 65, 3*k + 121 = -2*z - 2*k. Let x(p) = -39*p + 97. Let h be x(3). Let t = h - z. What is the remainder when t is divided by 16?
11
Suppose -y - 2202 = 2*i, -y + 4*i - 1871 = 331. Calculate the remainder when (6/8)/(-11 + y/(-200)) is divided by 38.
37
Let w = -9093 + 9154. Calculate the remainder when 76 is divided by w.
15
Let s = 365 + -361. Suppose 3*n - 5*x - 616 = 0, -s*x - 36 = -n + 181. Calculate the remainder when n is divided by 10.
7
Let n = 3 - 2. Let p be (1 + -3)/(n - 10/6). Suppose -3*w - 5*o + 47 = 0, 4*w + 0*o - 24 = p*o. Calculate the remainder when 143 is divided by w.
8
Let a = 17 - -24. What is the remainder when 1080/56 + -19 + 2232/28 is divided by a?
39
Suppose -413 = -2*f + 145. Let j = 311 - f. What is the remainder when 125 is divided by j?
29
Let h(m) = -178*m - 313. Calculate the remainder when (-16)/8*(-338)/4 is divided by h(-2).
40
Suppose i + 8 - 42 = 0. Suppose 0 = -s - i + 82. What is the remainder when 6612/s + (-2)/(-8) is divided by 28?
26
Let l(f) = 25*f**2 - 59*f - 113. What is the remainder when 1351 is divided by l(-2)?
91
Suppose 3*d = -2*m + 770, -3*d + 778 = -0*m - 2*m. Let j = -154 + d. Calculate the remainder when j is divided by 15.
14
Let o = 7918 - 6788. What is the remainder when o is divided by 21?
17
Let c be 2*-1*15/(-6). Suppose 5*l = i + l - 127, c*i - 711 = l. Let s(x) = -5*x - 64. Calculate the remainder when i is divided by s(-16).
15
Let g(m) = -2*m**2 + 27*m - 8. Let a be g(13). Let i = 34 - a. Let d(t) = -t**2 + 17*t + 14. Calculate the remainder when d(14) is divided by i.
27
Suppose -4 + 18 = 7*b. What is the remainder when 2525/30 + (-2)/12 is divided by 6/b + 7 + (-3 - -15)?
18
Suppose 2*w + 0 = 8. Suppose w*p - 6*p - f + 4 = 0, -4*p = -4*f - 20. Let y(o) = 2*o + 10. What is the remainder when y(p) is divided by 6?
4
Let v = -1615 + 1611. Let n(a) = -7 - 23*a - 1 - 5. Calculate the remainder when n(v) is divided by 16.
15
Let y(r) be the second derivative of 0 + 23/2*r**3 - 18*r + 2*r**2. What is the remainder when y(2) is divided by 18?
16
Let l(d) = 2*d**2 + 4*d + 2. Suppose -y - 129 = -j, -5*j + 142 - 17 = -y. Let z = -96 - y. What is the remainder when z is divided by l(-4)?
16
Suppose -149*a + 6512 = -6749. What is the remainder when a is divided by 69?
20
Let h(s) = 5*s + 25. Let v be h(-4). Let a(b) = -14*b - 16. Let n be a(v). Let j = 97 + n. Calculate the remainder when j is divided by 8.
3
Let q(u) = 23*u**2 + 7*u + 2. Let r be q(5). Suppose -6*o = 150 - r. Suppose o = 9*y + 2*y. Calculate the remainder when 32 is divided by y.
4
Suppose z = c - 28, 0 = 3*c + z - 5*z - 85. Let p = -33 - -74. What is the remainder when ((-22)/6 - -3) + 3258/c is divided by p?
38
Suppose -3*j = -13 - 2. Calculate the remainder when (5/(-4) - (-4 + (30 - 21)))*-4 is divided by j.
0
Suppose -2*l = 6*t - 558, -19*l + t - 1409 = -24*l. Suppose 4*a + 48 = 3*y - 87, 0 = 5*y - 3*a - 214. Calculate the remainder when l is divided by y.
36
Let o be (94/5)/(152/(-1520)). Let s = -191 + 130. Let d = s - o. What is the remainder when d is divided by 32?
31
Calculate the remainder when 860 is divided by (-5 + 84/(-18))*-3.
19
Suppose 22 = s - 2*n, 5*n = -116*s + 111*s + 230. Let k(v) = v**3 + v + 36. What is the remainder when s is divided by k(0)?
2
Let q(z) = -2*z**2 - 42*z - 184. What is the remainder when 471 is divided by q(-8)?
15
Suppose -142*a + 132*a = 760. Let g(v) = -v**2 - 2*v + 4. Let n be g(-4). What is the remainder when 55 is divided by (3 - a/(-16))/(1/n)?
6
Let z(h) = -47 + 46*h + 36 + 12*h. Let n be z(-8). What is the remainder when 113 is divided by n/10*(-8)/10?
37
Let q(k) = -k + 41. Let d(n) = 40. Let u(a) = -2*d(a) + 3*q(a). Let c = 221 + -221. Calculate the remainder when u(c) is divided by 23.
20
Calculate the remainder when ((-10)/(-4) - (-1092)/(-168)) + 106 is divided by (-2)/(-9) - 986/(-18).
47
Let h = -132 - -392. Calculate the remainder when 161 is divided by 4/6 + (-11)/((-165)/h).
17
Suppose 2*u = -2*o + 144, u + o - 3*o - 66 = 0. Let h be (-128)/(-40)*u/